3.
11
Let a be 1/2*(-47 - -161). Let w(g) = -g**3 + 2*g**2 - 3*g - 3. Let i be w(-2). What is the greatest common divisor of i and a?
19
Let o(g) = 48*g**2 - g + 1. Let q be o(1). Suppose 0*c - q = -2*c. Suppose 151 + c = 5*m. What is the highest common factor of m and 7?
7
Let u be 4/(-18) - 3082/(-18). Suppose 17*i = 13*i + 76. What is the greatest common divisor of u and i?
19
Let c(p) = 12*p**2 - 3*p - 7. Let j be c(-3). Calculate the highest common divisor of 88 and j.
22
Let c be (-2)/(-5) + 178/5. Let q(g) = g + 1. Suppose 4*s - 23 = -5*r, r - 2*r - 5*s + 13 = 0. Let h be q(r). What is the highest common divisor of h and c?
4
Let v(q) = -5*q + 500. Let n be v(44). What is the highest common factor of n and 35?
35
Let l(r) = -6*r. Let a be l(-3). Suppose 6*z = 11*z - 10. Suppose q + 4*k = -5 - 5, 2*q + z*k + 2 = 0. What is the greatest common factor of a and q?
2
Suppose -9 = -r + 2*h, -4*r = 5*h - 12 + 2. Suppose -7*j + 2*j = 3*u - 45, -42 = -3*u - 4*j. Calculate the greatest common factor of u and r.
5
Let t = -2449 - -5437. Calculate the greatest common divisor of 36 and t.
36
Let d be ((-204)/(-18))/((50/105)/10). Calculate the greatest common divisor of d and 17.
17
Let n(k) = 31*k**2 - 1. Let c be n(-1). Suppose -31*l + 39*l = 1680. Calculate the highest common factor of l and c.
30
Suppose -a - 96 = -5*a. Let p = 28 - a. Calculate the greatest common factor of p and 8.
4
Let r(p) = p**3 - p**2 + 10. Let z be r(0). Suppose 0 = -z*a + 4*a + 648. Calculate the highest common factor of a and 12.
12
Let r be 11/(-33)*(-109 + -4 + 2). Suppose -2*i - 3*b = 25, 1 = -i - 2*b - 14. Let q be 21/35 - r/i. What is the greatest common factor of q and 24?
8
Suppose 0 = p - 2*p - 3*i + 12, -p + 5*i = 20. Suppose p = 5*f - 0*f - 25. Let w = 85 - 40. What is the greatest common divisor of f and w?
5
Suppose -7015 = -97*c + 2200. Calculate the greatest common factor of 5 and c.
5
Let l(q) = 16*q**3 + 1. Let s be l(1). Suppose 4*v = -0*h + 4*h - 92, h - s = -2*v. What is the greatest common factor of 14 and h?
7
Let g be (-816)/(-15) - 22/55. What is the greatest common divisor of g and 189?
27
Suppose -12*d + 3*g + 309 = -11*d, -1185 = -4*d - 5*g. Calculate the highest common divisor of 375 and d.
75
Let r(p) = -95*p. Let m(q) = 379*q - 1. Let v(c) = -2*m(c) - 9*r(c). Let h = 16 + -15. Let l be v(h). Calculate the greatest common divisor of l and 11.
11
Let d be -2 - (0 + -4)/4. Let z be 34 - -1*(3 + d). Suppose v = 28 - 4. Calculate the highest common divisor of v and z.
12
Suppose 0 = 3*m + 5*l - 22, -5*l + 30 = -0*m + 5*m. Suppose -n + 5*c - 2 + 25 = 0, -5*c = 5*n - 145. Calculate the highest common divisor of m and n.
4
Suppose 522 = 7*z - 178. What is the greatest common factor of 140 and z?
20
Let c be (-1 - (-9)/(-2))*-10. Suppose -2*z - z = 2*g - 15, 0 = z + 2*g - 5. Calculate the greatest common divisor of c and z.
5
Let a be ((-238)/21)/(40/15 + -3). Calculate the greatest common divisor of 510 and a.
34
Let y(h) = -2*h + 1. Let o be (-12)/20 + 4/(-10). Let c be y(o). Let g be (1 - 2)*-7 + -1. What is the highest common factor of c and g?
3
Suppose 47*g - 53*g = -12. What is the greatest common divisor of g and 22?
2
Suppose -4*s + 656 = 2*j + 3*j, 372 = 3*j - 3*s. Suppose -4*z + j = 4. Let g = z + 145. Calculate the greatest common factor of 16 and g.
16
Let n = 81 - 49. Let p be 39 + (11 - (-14)/(-7)). What is the greatest common factor of n and p?
16
Suppose -4*f = 4*v + v + 29, 4*f - v + 23 = 0. Let t be (-2)/(3*f/63). Let s be 1 + 1 - 2 - -77. Calculate the highest common divisor of t and s.
7
Suppose -2*b - 3*b + 49 = j, -4*j - 4 = 0. Let v(g) = -g + 14. Let i be v(8). Suppose -u = -i*u + 10. What is the greatest common factor of u and b?
2
Let b be (-40)/2 + 20/5. Let y = 28 + b. Calculate the greatest common factor of y and 3.
3
Let d(v) = v**2 + 5*v - 4. Let b be d(3). Let y be (1686/(-4))/(-3) + 84/(-168). What is the highest common divisor of y and b?
20
Let o be 65 - (87 - 7)/10. Calculate the greatest common factor of 779 and o.
19
Let l be (-2)/(-20) - 53*9/(-30). What is the highest common divisor of l and 232?
8
Suppose -34*p + 240 = -24*p. What is the greatest common factor of p and 45?
3
Suppose -6*g + 175 = 5*n - g, n + 2*g = 34. Let o be ((-1)/(-2))/((-2)/(-96)). What is the greatest common divisor of o and n?
12
Let i(g) = -23*g - 236. Let s be i(-22). Calculate the greatest common divisor of s and 216.
54
Suppose 5*i = -2*v + 1896, 28*v = 33*v - 15. What is the greatest common factor of i and 21?
21
Let k be 2 + -6 + 5670/7. Suppose 5*p - 4*u = k, 3*p - p - u - 323 = 0. What is the highest common divisor of p and 6?
6
Suppose -4*t - 34 = -58. Suppose -q - 2*y = -2 + t, 4*q - 4*y = 20. What is the highest common divisor of 2 and q?
2
Let h = -382 + 396. What is the greatest common divisor of 378 and h?
14
Let q = 17 + -24. Let a = 18 + q. Calculate the highest common divisor of 1 and a.
1
Let x = -4 - -13. Suppose -2*v - 6 = -3*v. Let m = v - -3. What is the highest common factor of x and m?
9
Suppose -2*w - 5*w = -2*w. Let y = 28 + w. Let l(d) = -3*d**3 - 4*d**2 - 3*d. Let b be l(-2). Calculate the highest common divisor of b and y.
14
Let j be (-2)/(-3)*45/(-6). Let n(m) = -m**3 - 4*m**2 - 4. Let s be n(j). Suppose 2*w - s = 3. What is the highest common divisor of w and 12?
12
Suppose d - 20 = -4*d. Suppose 2*i - 7*i - d*f = -80, 0 = 3*i - f - 31. Let g be i/(3 + (-9)/6). What is the greatest common factor of 24 and g?
8
Let s be (8 - 4 - 8) + 4. Suppose s = 5*c - 60 - 40. Calculate the greatest common factor of c and 50.
10
Let b = -327 - -328. Calculate the highest common factor of b and 61.
1
Let r be (1204/129)/((-2)/(-3)). Calculate the highest common divisor of 133 and r.
7
Let s(n) = -n**2 + 14*n - 10. Let g = 14 - 1. Let j be s(g). Let d(o) = -o - 5. Let c be d(-7). Calculate the highest common factor of c and j.
1
Suppose 21*a + 21 = 24*a. Calculate the greatest common factor of a and 14.
7
Suppose -2*d + 4*l + 706 = 226, 2*l + 8 = 0. What is the highest common divisor of d and 2?
2
Let h = -519 + 539. What is the greatest common divisor of h and 65?
5
Let d(w) be the second derivative of -w**4/12 + 2*w**3 - 7*w**2 + 13*w. Let a be d(7). What is the highest common divisor of 189 and a?
21
Let q(p) = p**2 + 3*p + 4. Let i be q(3). Let k = i + -16. Calculate the highest common factor of 42 and k.
6
Let l be (-9)/(-10) - ((-33)/110)/3. Suppose 0 = 2*u - 5*u + 27. Calculate the greatest common divisor of u and l.
1
Suppose 0 = 4*g - 14 - 58. Let t(b) = -b**3 + 12*b**2 + b - 16. Let a be t(12). Let s be (a/2)/1 - -29. What is the greatest common factor of g and s?
9
Let l(i) = -5*i + 31. Let p(h) = 1. Let j(t) = -l(t) - 6*p(t). Let y be j(10). What is the highest common divisor of 104 and y?
13
Let c be 7 + -3 + -1 + -2. Let v(l) = l - 2. Let d be v(3). What is the highest common factor of c and d?
1
Let r be (-1134)/(-13 + 11) + 5. What is the highest common divisor of r and 110?
22
Let h = 0 - -3. Let i(u) = -2*u - 4. Let c be i(-4). Suppose 5*q - 2*f - 7 = -0*f, -5 = -q + c*f. Calculate the greatest common factor of h and q.
1
Let y(o) = 4*o**2 + 16*o - 26. Let c be y(3). What is the highest common divisor of 58 and c?
58
Let h be -16*(-10)/(-6)*9/(-4). Let k = 16 + 24. Calculate the highest common factor of h and k.
20
Let t = 76 - 62. What is the highest common divisor of t and 49?
7
Let y be 2/(-6)*3/(-1). Let j = -28 + 32. Calculate the highest common divisor of y and j.
1
Suppose 0 = d - 5*m + 38, -2*d + 5*m - 5 - 46 = 0. Let q = 28 + d. Suppose q*b - 48 = 11*b. What is the highest common divisor of b and 36?
12
Suppose -2 = 7*r - 23. Suppose -y + 3*f - 18 = 0, 0 = -4*y - 3*f - 2 + 5. Let k be (0 + 21)*(-3)/y. Calculate the greatest common divisor of r and k.
3
Suppose 8 = 2*d, -k - 369 = -6*k + 4*d. Suppose 0 = 2*z + 7 - k. Calculate the greatest common divisor of z and 5.
5
Suppose 8*t = 10*t - 62. Suppose t*i - 22 = 30*i. What is the highest common factor of 77 and i?
11
Suppose i - 74 = -5*v, 5*v + 3*i = 57 + 25. Let d be (1*2)/(-2) + -2. Let w = v + d. What is the greatest common divisor of 55 and w?
11
Let g = 8 + -4. Suppose 534 + 178 = 4*t - g*z, -5*t - 5*z + 900 = 0. Suppose -4 = j - 0*j, -